{"id":2427,"date":"2025-11-07T19:32:42","date_gmt":"2025-11-07T19:32:42","guid":{"rendered":"https:\/\/aslotech-dz.com\/eshop\/?post_type=product&#038;p=2427"},"modified":"2025-11-07T19:32:42","modified_gmt":"2025-11-07T19:32:42","slug":"alimentation-12v5a-1s-newtech","status":"publish","type":"product","link":"https:\/\/aslotech-dz.com\/eshop\/produit\/alimentation-12v5a-1s-newtech\/","title":{"rendered":"Alimentation 12V5a 1S NEWTECH"},"content":{"rendered":"<p data-start=\"82\" data-end=\"390\">L\u2019<strong data-start=\"84\" data-end=\"118\">alimentation 12V 5A 1S NEWTECH<\/strong> est con\u00e7ue pour fournir une <strong data-start=\"147\" data-end=\"178\">tension stable et s\u00e9curis\u00e9e<\/strong> \u00e0 vos \u00e9quipements \u00e9lectroniques et syst\u00e8mes de vid\u00e9osurveillance. Avec <strong data-start=\"250\" data-end=\"262\">1 sortie<\/strong>, elle est id\u00e9ale pour alimenter une cam\u00e9ra CCTV, un NVR ou tout autre dispositif basse tension n\u00e9cessitant un courant constant.<\/p>\n<p data-start=\"392\" data-end=\"698\">Fabriqu\u00e9e par <strong data-start=\"406\" data-end=\"417\">NEWTECH<\/strong>, cette alimentation offre une <strong data-start=\"448\" data-end=\"503\">protection contre les surcharges et courts-circuits<\/strong>, garantissant la s\u00e9curit\u00e9 de vos appareils. Son bo\u00eetier compact et robuste facilite l\u2019installation dans les armoires \u00e9lectriques ou sur les murs, pour des syst\u00e8mes domestiques ou professionnels.<\/p>\n<p data-start=\"392\" data-end=\"698\">\n<table>\n<thead>\n<tr>\n<th><strong>Caract\u00e9ristique<\/strong><\/th>\n<th><strong>D\u00e9tail<\/strong><\/th>\n<\/tr>\n<\/thead>\n<tbody>\n<tr>\n<td>Marque<\/td>\n<td>NEWTECH<\/td>\n<\/tr>\n<tr>\n<td>Type<\/td>\n<td>Alimentation 12V DC<\/td>\n<\/tr>\n<tr>\n<td>Courant de sortie<\/td>\n<td>5A<\/td>\n<\/tr>\n<tr>\n<td>Nombre de sorties<\/td>\n<td>1 sortie<\/td>\n<\/tr>\n<tr>\n<td>Mat\u00e9riau<\/td>\n<td>Bo\u00eetier compact et robuste<\/td>\n<\/tr>\n<tr>\n<td>Utilisation<\/td>\n<td>Cam\u00e9ras CCTV, NVR, syst\u00e8mes basse tension<\/td>\n<\/tr>\n<tr>\n<td>Avantages<\/td>\n<td>Tension stable, protection contre surcharge et court-circuit<\/td>\n<\/tr>\n<tr>\n<td>Protection<\/td>\n<td>Contre surcharges et courts-circuits<\/td>\n<\/tr>\n<\/tbody>\n<\/table>\n","protected":false},"excerpt":{"rendered":"<p>Alimentation <strong data-start=\"1203\" data-end=\"1224\">12V 5A 1S NEWTECH<\/strong>, sortie unique, s\u00e9curis\u00e9e et stable pour cam\u00e9ras CCTV et syst\u00e8mes basse tension.<\/p>\n","protected":false},"featured_media":2428,"comment_status":"open","ping_status":"closed","template":"","meta":[],"product_brand":[437],"product_cat":[518],"product_tag":[522],"class_list":{"0":"post-2427","1":"product","2":"type-product","3":"status-publish","4":"has-post-thumbnail","6":"product_brand-newtech","7":"product_cat-alimentation-cctv","8":"product_tag-newtech-alimentation-12v5a-1s-cctv-securite-surveillance-cameraip-bassetension-installationpro","10":"first","11":"instock","12":"shipping-taxable","13":"purchasable","14":"product-type-simple"},"_links":{"self":[{"href":"https:\/\/aslotech-dz.com\/eshop\/wp-json\/wp\/v2\/product\/2427","targetHints":{"allow":["GET"]}}],"collection":[{"href":"https:\/\/aslotech-dz.com\/eshop\/wp-json\/wp\/v2\/product"}],"about":[{"href":"https:\/\/aslotech-dz.com\/eshop\/wp-json\/wp\/v2\/types\/product"}],"replies":[{"embeddable":true,"href":"https:\/\/aslotech-dz.com\/eshop\/wp-json\/wp\/v2\/comments?post=2427"}],"version-history":[{"count":1,"href":"https:\/\/aslotech-dz.com\/eshop\/wp-json\/wp\/v2\/product\/2427\/revisions"}],"predecessor-version":[{"id":2429,"href":"https:\/\/aslotech-dz.com\/eshop\/wp-json\/wp\/v2\/product\/2427\/revisions\/2429"}],"wp:featuredmedia":[{"embeddable":true,"href":"https:\/\/aslotech-dz.com\/eshop\/wp-json\/wp\/v2\/media\/2428"}],"wp:attachment":[{"href":"https:\/\/aslotech-dz.com\/eshop\/wp-json\/wp\/v2\/media?parent=2427"}],"wp:term":[{"taxonomy":"product_brand","embeddable":true,"href":"https:\/\/aslotech-dz.com\/eshop\/wp-json\/wp\/v2\/product_brand?post=2427"},{"taxonomy":"product_cat","embeddable":true,"href":"https:\/\/aslotech-dz.com\/eshop\/wp-json\/wp\/v2\/product_cat?post=2427"},{"taxonomy":"product_tag","embeddable":true,"href":"https:\/\/aslotech-dz.com\/eshop\/wp-json\/wp\/v2\/product_tag?post=2427"}],"curies":[{"name":"wp","href":"https:\/\/api.w.org\/{rel}","templated":true}]}}