{"id":2430,"date":"2025-11-07T19:34:44","date_gmt":"2025-11-07T19:34:44","guid":{"rendered":"https:\/\/aslotech-dz.com\/eshop\/?post_type=product&#038;p=2430"},"modified":"2025-11-07T19:34:44","modified_gmt":"2025-11-07T19:34:44","slug":"alimentation-cctv-12v15a-9s-newtech","status":"publish","type":"product","link":"https:\/\/aslotech-dz.com\/eshop\/produit\/alimentation-cctv-12v15a-9s-newtech\/","title":{"rendered":"Alimentation CCTV 12V15A 9S NEWTECH"},"content":{"rendered":"<p data-start=\"82\" data-end=\"384\">L\u2019<strong data-start=\"84\" data-end=\"124\">alimentation CCTV 12V 15A 9S NEWTECH<\/strong> est con\u00e7ue pour fournir une <strong data-start=\"153\" data-end=\"191\">alimentation centralis\u00e9e et stable<\/strong> \u00e0 vos syst\u00e8mes de vid\u00e9osurveillance. Avec <strong data-start=\"234\" data-end=\"247\">9 sorties<\/strong>, elle permet de brancher plusieurs cam\u00e9ras \u00e0 partir d\u2019un seul bo\u00eetier, simplifiant l\u2019installation et la gestion du r\u00e9seau de s\u00e9curit\u00e9.<\/p>\n<p data-start=\"386\" data-end=\"751\">Son bo\u00eetier robuste en <strong data-start=\"409\" data-end=\"416\">PVC<\/strong> assure une <strong data-start=\"428\" data-end=\"459\">protection contre les chocs<\/strong> et garantit une <strong data-start=\"476\" data-end=\"497\">durabilit\u00e9 \u00e9lev\u00e9e<\/strong>. Chaque sortie fournit une <strong data-start=\"525\" data-end=\"550\">tension stable de 12V<\/strong>, prot\u00e9geant vos cam\u00e9ras contre les fluctuations \u00e9lectriques et les risques de panne. Id\u00e9ale pour les <strong data-start=\"652\" data-end=\"714\">installations professionnelles de petite et moyenne taille<\/strong>, elle combine s\u00e9curit\u00e9 et fiabilit\u00e9.<\/p>\n<p data-start=\"386\" data-end=\"751\">\n<table>\n<thead>\n<tr>\n<th><strong>Caract\u00e9ristique<\/strong><\/th>\n<th><strong>D\u00e9tail<\/strong><\/th>\n<\/tr>\n<\/thead>\n<tbody>\n<tr>\n<td>Marque<\/td>\n<td>NEWTECH<\/td>\n<\/tr>\n<tr>\n<td>Type<\/td>\n<td>Alimentation CCTV<\/td>\n<\/tr>\n<tr>\n<td>Tension de sortie<\/td>\n<td>12V DC<\/td>\n<\/tr>\n<tr>\n<td>Courant total<\/td>\n<td>15A<\/td>\n<\/tr>\n<tr>\n<td>Nombre de sorties<\/td>\n<td>9 sorties<\/td>\n<\/tr>\n<tr>\n<td>Mat\u00e9riau<\/td>\n<td>Bo\u00eetier PVC robuste<\/td>\n<\/tr>\n<tr>\n<td>Utilisation<\/td>\n<td>Alimentation cam\u00e9ras de surveillance<\/td>\n<\/tr>\n<tr>\n<td>Avantages<\/td>\n<td>Tension stable, protection des cam\u00e9ras, installation centralis\u00e9e<\/td>\n<\/tr>\n<tr>\n<td>Protection<\/td>\n<td>Contre surcharges et courts-circuits<\/td>\n<\/tr>\n<\/tbody>\n<\/table>\n","protected":false},"excerpt":{"rendered":"<p>Alimentation <strong data-start=\"1275\" data-end=\"1302\">CCTV 12V 15A 9S NEWTECH<\/strong>, 9 sorties, bo\u00eetier PVC, tension stable pour cam\u00e9ras de surveillance.<\/p>\n","protected":false},"featured_media":2431,"comment_status":"open","ping_status":"closed","template":"","meta":[],"product_brand":[437],"product_cat":[518],"product_tag":[523],"class_list":{"0":"post-2430","1":"product","2":"type-product","3":"status-publish","4":"has-post-thumbnail","6":"product_brand-newtech","7":"product_cat-alimentation-cctv","8":"product_tag-newtech-cctv-alimentation-12v15a-9s-securite-surveillance-cameraip-boitierpvc-installationpro","10":"first","11":"instock","12":"shipping-taxable","13":"purchasable","14":"product-type-simple"},"_links":{"self":[{"href":"https:\/\/aslotech-dz.com\/eshop\/wp-json\/wp\/v2\/product\/2430","targetHints":{"allow":["GET"]}}],"collection":[{"href":"https:\/\/aslotech-dz.com\/eshop\/wp-json\/wp\/v2\/product"}],"about":[{"href":"https:\/\/aslotech-dz.com\/eshop\/wp-json\/wp\/v2\/types\/product"}],"replies":[{"embeddable":true,"href":"https:\/\/aslotech-dz.com\/eshop\/wp-json\/wp\/v2\/comments?post=2430"}],"version-history":[{"count":2,"href":"https:\/\/aslotech-dz.com\/eshop\/wp-json\/wp\/v2\/product\/2430\/revisions"}],"predecessor-version":[{"id":2433,"href":"https:\/\/aslotech-dz.com\/eshop\/wp-json\/wp\/v2\/product\/2430\/revisions\/2433"}],"wp:featuredmedia":[{"embeddable":true,"href":"https:\/\/aslotech-dz.com\/eshop\/wp-json\/wp\/v2\/media\/2431"}],"wp:attachment":[{"href":"https:\/\/aslotech-dz.com\/eshop\/wp-json\/wp\/v2\/media?parent=2430"}],"wp:term":[{"taxonomy":"product_brand","embeddable":true,"href":"https:\/\/aslotech-dz.com\/eshop\/wp-json\/wp\/v2\/product_brand?post=2430"},{"taxonomy":"product_cat","embeddable":true,"href":"https:\/\/aslotech-dz.com\/eshop\/wp-json\/wp\/v2\/product_cat?post=2430"},{"taxonomy":"product_tag","embeddable":true,"href":"https:\/\/aslotech-dz.com\/eshop\/wp-json\/wp\/v2\/product_tag?post=2430"}],"curies":[{"name":"wp","href":"https:\/\/api.w.org\/{rel}","templated":true}]}}