{"id":2440,"date":"2025-11-07T19:42:42","date_gmt":"2025-11-07T19:42:42","guid":{"rendered":"https:\/\/aslotech-dz.com\/eshop\/?post_type=product&#038;p=2440"},"modified":"2025-11-07T19:42:42","modified_gmt":"2025-11-07T19:42:42","slug":"alimentation-cctv-12v30a-18s-newtech","status":"publish","type":"product","link":"https:\/\/aslotech-dz.com\/eshop\/produit\/alimentation-cctv-12v30a-18s-newtech\/","title":{"rendered":"Alimentation CCTV 12V30A 18S NEWTECH"},"content":{"rendered":"<p data-start=\"82\" data-end=\"398\">L\u2019<strong data-start=\"84\" data-end=\"125\">alimentation CCTV 12V 30A 18S NEWTECH<\/strong> est con\u00e7ue pour fournir une <strong data-start=\"154\" data-end=\"192\">alimentation centralis\u00e9e et stable<\/strong> \u00e0 de grandes installations de vid\u00e9osurveillance. Avec <strong data-start=\"247\" data-end=\"261\">18 sorties<\/strong>, elle permet de brancher plusieurs cam\u00e9ras \u00e0 partir d\u2019un seul bo\u00eetier, simplifiant l\u2019installation et la gestion du r\u00e9seau de s\u00e9curit\u00e9.<\/p>\n<p data-start=\"400\" data-end=\"828\">Son bo\u00eetier robuste en <strong data-start=\"423\" data-end=\"430\">PVC<\/strong> assure une <strong data-start=\"442\" data-end=\"509\">protection contre les chocs et les conditions environnementales<\/strong>, tout en garantissant une <strong data-start=\"536\" data-end=\"557\">durabilit\u00e9 \u00e9lev\u00e9e<\/strong>. Chaque sortie fournit une <strong data-start=\"585\" data-end=\"610\">tension stable de 12V<\/strong>, prot\u00e9geant les cam\u00e9ras contre les fluctuations \u00e9lectriques et les risques de panne. Id\u00e9ale pour les <strong data-start=\"712\" data-end=\"763\">installations professionnelles de grande taille<\/strong>, elle combine s\u00e9curit\u00e9 et fiabilit\u00e9 pour tous vos syst\u00e8mes CCTV.<\/p>\n<p data-start=\"400\" data-end=\"828\">\n<table>\n<thead>\n<tr>\n<th><strong>Caract\u00e9ristique<\/strong><\/th>\n<th><strong>D\u00e9tail<\/strong><\/th>\n<\/tr>\n<\/thead>\n<tbody>\n<tr>\n<td>Marque<\/td>\n<td>NEWTECH<\/td>\n<\/tr>\n<tr>\n<td>Type<\/td>\n<td>Alimentation CCTV<\/td>\n<\/tr>\n<tr>\n<td>Tension de sortie<\/td>\n<td>12V DC<\/td>\n<\/tr>\n<tr>\n<td>Courant total<\/td>\n<td>30A<\/td>\n<\/tr>\n<tr>\n<td>Nombre de sorties<\/td>\n<td>18 sorties<\/td>\n<\/tr>\n<tr>\n<td>Mat\u00e9riau<\/td>\n<td>Bo\u00eetier PVC robuste<\/td>\n<\/tr>\n<tr>\n<td>Utilisation<\/td>\n<td>Alimentation cam\u00e9ras de surveillance<\/td>\n<\/tr>\n<tr>\n<td>Avantages<\/td>\n<td>Tension stable, protection des cam\u00e9ras, installation centralis\u00e9e<\/td>\n<\/tr>\n<tr>\n<td>Protection<\/td>\n<td>Contre surcharges et courts-circuits<\/td>\n<\/tr>\n<\/tbody>\n<\/table>\n","protected":false},"excerpt":{"rendered":"<p>Alimentation <strong data-start=\"1353\" data-end=\"1381\">CCTV 12V 30A 18S NEWTECH<\/strong>, 18 sorties, bo\u00eetier PVC, tension stable pour cam\u00e9ras de surveillance.<\/p>\n","protected":false},"featured_media":2441,"comment_status":"open","ping_status":"closed","template":"","meta":[],"product_brand":[437],"product_cat":[518],"product_tag":[526],"class_list":{"0":"post-2440","1":"product","2":"type-product","3":"status-publish","4":"has-post-thumbnail","6":"product_brand-newtech","7":"product_cat-alimentation-cctv","8":"product_tag-newtech-cctv-alimentation-12v30a-18s-securite-surveillance-cameraip-boitierpvc-installationpro","10":"first","11":"instock","12":"shipping-taxable","13":"purchasable","14":"product-type-simple"},"_links":{"self":[{"href":"https:\/\/aslotech-dz.com\/eshop\/wp-json\/wp\/v2\/product\/2440","targetHints":{"allow":["GET"]}}],"collection":[{"href":"https:\/\/aslotech-dz.com\/eshop\/wp-json\/wp\/v2\/product"}],"about":[{"href":"https:\/\/aslotech-dz.com\/eshop\/wp-json\/wp\/v2\/types\/product"}],"replies":[{"embeddable":true,"href":"https:\/\/aslotech-dz.com\/eshop\/wp-json\/wp\/v2\/comments?post=2440"}],"version-history":[{"count":1,"href":"https:\/\/aslotech-dz.com\/eshop\/wp-json\/wp\/v2\/product\/2440\/revisions"}],"predecessor-version":[{"id":2442,"href":"https:\/\/aslotech-dz.com\/eshop\/wp-json\/wp\/v2\/product\/2440\/revisions\/2442"}],"wp:featuredmedia":[{"embeddable":true,"href":"https:\/\/aslotech-dz.com\/eshop\/wp-json\/wp\/v2\/media\/2441"}],"wp:attachment":[{"href":"https:\/\/aslotech-dz.com\/eshop\/wp-json\/wp\/v2\/media?parent=2440"}],"wp:term":[{"taxonomy":"product_brand","embeddable":true,"href":"https:\/\/aslotech-dz.com\/eshop\/wp-json\/wp\/v2\/product_brand?post=2440"},{"taxonomy":"product_cat","embeddable":true,"href":"https:\/\/aslotech-dz.com\/eshop\/wp-json\/wp\/v2\/product_cat?post=2440"},{"taxonomy":"product_tag","embeddable":true,"href":"https:\/\/aslotech-dz.com\/eshop\/wp-json\/wp\/v2\/product_tag?post=2440"}],"curies":[{"name":"wp","href":"https:\/\/api.w.org\/{rel}","templated":true}]}}