{"id":2457,"date":"2025-11-07T20:05:46","date_gmt":"2025-11-07T20:05:46","guid":{"rendered":"https:\/\/aslotech-dz.com\/eshop\/?post_type=product&#038;p=2457"},"modified":"2025-11-07T20:05:46","modified_gmt":"2025-11-07T20:05:46","slug":"boite-de-jonction-pour-camera-dome-pfb-203w","status":"publish","type":"product","link":"https:\/\/aslotech-dz.com\/eshop\/produit\/boite-de-jonction-pour-camera-dome-pfb-203w\/","title":{"rendered":"Boite de jonction pour camera DOME PFB-203W"},"content":{"rendered":"<p data-start=\"82\" data-end=\"359\">La <strong data-start=\"85\" data-end=\"115\">bo\u00eete de jonction PFB-203W<\/strong> est sp\u00e9cialement con\u00e7ue pour les <strong data-start=\"149\" data-end=\"165\">cam\u00e9ras dome<\/strong>, permettant une <strong data-start=\"182\" data-end=\"218\">installation propre et s\u00e9curis\u00e9e<\/strong>. Elle sert \u00e0 <strong data-start=\"232\" data-end=\"279\">cacher et prot\u00e9ger les c\u00e2bles et connexions<\/strong>, tout en offrant un support solide pour fixer la cam\u00e9ra sur murs ou plafonds.<\/p>\n<p data-start=\"361\" data-end=\"704\">Fabriqu\u00e9e en mat\u00e9riaux r\u00e9sistants, cette bo\u00eete assure une <strong data-start=\"419\" data-end=\"477\">protection contre les intemp\u00e9ries et les manipulations<\/strong>, garantissant la durabilit\u00e9 de votre installation de vid\u00e9osurveillance. Id\u00e9ale pour les syst\u00e8mes de surveillance <strong data-start=\"591\" data-end=\"619\">int\u00e9rieurs et ext\u00e9rieurs<\/strong>, elle facilite le c\u00e2blage et rend l\u2019installation plus professionnelle et esth\u00e9tique.<\/p>\n<p data-start=\"361\" data-end=\"704\">\n<table>\n<thead>\n<tr>\n<th><strong>Caract\u00e9ristique<\/strong><\/th>\n<th><strong>D\u00e9tail<\/strong><\/th>\n<\/tr>\n<\/thead>\n<tbody>\n<tr>\n<td>Mod\u00e8le<\/td>\n<td>PFB-203W<\/td>\n<\/tr>\n<tr>\n<td>Type<\/td>\n<td>Bo\u00eete de jonction pour cam\u00e9ra dome<\/td>\n<\/tr>\n<tr>\n<td>Mat\u00e9riau<\/td>\n<td>M\u00e9tal ou plastique r\u00e9sistant aux intemp\u00e9ries<\/td>\n<\/tr>\n<tr>\n<td>Compatibilit\u00e9<\/td>\n<td>Cam\u00e9ras dome standard (PFB-203W compatible)<\/td>\n<\/tr>\n<tr>\n<td>Utilisation<\/td>\n<td>C\u00e2blage et fixation des cam\u00e9ras<\/td>\n<\/tr>\n<tr>\n<td>Avantages<\/td>\n<td>Montage s\u00e9curis\u00e9, protection des c\u00e2bles, installation propre<\/td>\n<\/tr>\n<tr>\n<td>Installation<\/td>\n<td>Murale ou plafond<\/td>\n<\/tr>\n<\/tbody>\n<\/table>\n","protected":false},"excerpt":{"rendered":"<p data-start=\"1207\" data-end=\"1309\">Bo\u00eete de jonction <strong data-start=\"1225\" data-end=\"1237\">PFB-203W<\/strong> pour cam\u00e9ra dome, prot\u00e8ge et organise c\u00e2bles, montage mural ou plafond.<\/p>\n","protected":false},"featured_media":2458,"comment_status":"open","ping_status":"closed","template":"","meta":[],"product_brand":[90],"product_cat":[530],"product_tag":[532],"class_list":{"0":"post-2457","1":"product","2":"type-product","3":"status-publish","4":"has-post-thumbnail","6":"product_brand-dahua","7":"product_cat-accessoires-camera","8":"product_tag-pfb203w-cameradome-boitedejonction-cctv-securite-videosurveillance-installationpro-protectioncables-mounting","10":"first","11":"instock","12":"shipping-taxable","13":"purchasable","14":"product-type-simple"},"_links":{"self":[{"href":"https:\/\/aslotech-dz.com\/eshop\/wp-json\/wp\/v2\/product\/2457","targetHints":{"allow":["GET"]}}],"collection":[{"href":"https:\/\/aslotech-dz.com\/eshop\/wp-json\/wp\/v2\/product"}],"about":[{"href":"https:\/\/aslotech-dz.com\/eshop\/wp-json\/wp\/v2\/types\/product"}],"replies":[{"embeddable":true,"href":"https:\/\/aslotech-dz.com\/eshop\/wp-json\/wp\/v2\/comments?post=2457"}],"version-history":[{"count":1,"href":"https:\/\/aslotech-dz.com\/eshop\/wp-json\/wp\/v2\/product\/2457\/revisions"}],"predecessor-version":[{"id":2459,"href":"https:\/\/aslotech-dz.com\/eshop\/wp-json\/wp\/v2\/product\/2457\/revisions\/2459"}],"wp:featuredmedia":[{"embeddable":true,"href":"https:\/\/aslotech-dz.com\/eshop\/wp-json\/wp\/v2\/media\/2458"}],"wp:attachment":[{"href":"https:\/\/aslotech-dz.com\/eshop\/wp-json\/wp\/v2\/media?parent=2457"}],"wp:term":[{"taxonomy":"product_brand","embeddable":true,"href":"https:\/\/aslotech-dz.com\/eshop\/wp-json\/wp\/v2\/product_brand?post=2457"},{"taxonomy":"product_cat","embeddable":true,"href":"https:\/\/aslotech-dz.com\/eshop\/wp-json\/wp\/v2\/product_cat?post=2457"},{"taxonomy":"product_tag","embeddable":true,"href":"https:\/\/aslotech-dz.com\/eshop\/wp-json\/wp\/v2\/product_tag?post=2457"}],"curies":[{"name":"wp","href":"https:\/\/api.w.org\/{rel}","templated":true}]}}