{"id":2460,"date":"2025-11-07T20:08:48","date_gmt":"2025-11-07T20:08:48","guid":{"rendered":"https:\/\/aslotech-dz.com\/eshop\/?post_type=product&#038;p=2460"},"modified":"2025-11-07T20:08:48","modified_gmt":"2025-11-07T20:08:48","slug":"boite-de-jonction-pour-camera-mini-bullet-pfa134","status":"publish","type":"product","link":"https:\/\/aslotech-dz.com\/eshop\/produit\/boite-de-jonction-pour-camera-mini-bullet-pfa134\/","title":{"rendered":"Boite de jonction pour camera Mini Bullet PFA134"},"content":{"rendered":"<p data-start=\"82\" data-end=\"350\">La <strong data-start=\"85\" data-end=\"113\">bo\u00eete de jonction PFA134<\/strong> est con\u00e7ue pour les <strong data-start=\"134\" data-end=\"157\">cam\u00e9ras Mini Bullet<\/strong>, offrant une <strong data-start=\"171\" data-end=\"207\">installation propre et s\u00e9curis\u00e9e<\/strong>. Elle permet de <strong data-start=\"224\" data-end=\"272\">cacher et prot\u00e9ger les c\u00e2bles et connecteurs<\/strong>, tout en servant de support solide pour fixer la cam\u00e9ra sur murs ou plafonds.<\/p>\n<p data-start=\"352\" data-end=\"701\">Fabriqu\u00e9e en mat\u00e9riaux robustes et r\u00e9sistants aux intemp\u00e9ries, la PFA134 assure une <strong data-start=\"436\" data-end=\"457\">durabilit\u00e9 \u00e9lev\u00e9e<\/strong> et une protection optimale contre les conditions ext\u00e9rieures et les manipulations. Id\u00e9ale pour les syst\u00e8mes de vid\u00e9osurveillance <strong data-start=\"587\" data-end=\"615\">int\u00e9rieurs et ext\u00e9rieurs<\/strong>, elle simplifie le c\u00e2blage et am\u00e9liore l\u2019esth\u00e9tique et la s\u00e9curit\u00e9 de l\u2019installation.<\/p>\n<p data-start=\"352\" data-end=\"701\">\n<table>\n<thead>\n<tr>\n<th><strong>Caract\u00e9ristique<\/strong><\/th>\n<th><strong>D\u00e9tail<\/strong><\/th>\n<\/tr>\n<\/thead>\n<tbody>\n<tr>\n<td>Mod\u00e8le<\/td>\n<td>PFA134<\/td>\n<\/tr>\n<tr>\n<td>Type<\/td>\n<td>Bo\u00eete de jonction pour cam\u00e9ra Mini Bullet<\/td>\n<\/tr>\n<tr>\n<td>Mat\u00e9riau<\/td>\n<td>M\u00e9tal robuste ou plastique r\u00e9sistant aux intemp\u00e9ries<\/td>\n<\/tr>\n<tr>\n<td>Compatibilit\u00e9<\/td>\n<td>Cam\u00e9ras Mini Bullet standard<\/td>\n<\/tr>\n<tr>\n<td>Utilisation<\/td>\n<td>C\u00e2blage et fixation des cam\u00e9ras<\/td>\n<\/tr>\n<tr>\n<td>Avantages<\/td>\n<td>Montage s\u00e9curis\u00e9, protection des c\u00e2bles, installation propre<\/td>\n<\/tr>\n<tr>\n<td>Installation<\/td>\n<td>Murale ou plafond<\/td>\n<\/tr>\n<\/tbody>\n<\/table>\n","protected":false},"excerpt":{"rendered":"<p>Bo\u00eete de jonction <strong data-start=\"1220\" data-end=\"1230\">PFA134<\/strong> pour cam\u00e9ra Mini Bullet, prot\u00e8ge et organise c\u00e2bles, montage mural ou plafond.<\/p>\n","protected":false},"featured_media":2461,"comment_status":"open","ping_status":"closed","template":"","meta":[],"product_brand":[90],"product_cat":[530],"product_tag":[533],"class_list":{"0":"post-2460","1":"product","2":"type-product","3":"status-publish","4":"has-post-thumbnail","6":"product_brand-dahua","7":"product_cat-accessoires-camera","8":"product_tag-pfa134-cameraminibullet-boitedejonction-cctv-securite-videosurveillance-installationpro-protectioncables-mounting","10":"first","11":"instock","12":"shipping-taxable","13":"purchasable","14":"product-type-simple"},"_links":{"self":[{"href":"https:\/\/aslotech-dz.com\/eshop\/wp-json\/wp\/v2\/product\/2460","targetHints":{"allow":["GET"]}}],"collection":[{"href":"https:\/\/aslotech-dz.com\/eshop\/wp-json\/wp\/v2\/product"}],"about":[{"href":"https:\/\/aslotech-dz.com\/eshop\/wp-json\/wp\/v2\/types\/product"}],"replies":[{"embeddable":true,"href":"https:\/\/aslotech-dz.com\/eshop\/wp-json\/wp\/v2\/comments?post=2460"}],"version-history":[{"count":1,"href":"https:\/\/aslotech-dz.com\/eshop\/wp-json\/wp\/v2\/product\/2460\/revisions"}],"predecessor-version":[{"id":2462,"href":"https:\/\/aslotech-dz.com\/eshop\/wp-json\/wp\/v2\/product\/2460\/revisions\/2462"}],"wp:featuredmedia":[{"embeddable":true,"href":"https:\/\/aslotech-dz.com\/eshop\/wp-json\/wp\/v2\/media\/2461"}],"wp:attachment":[{"href":"https:\/\/aslotech-dz.com\/eshop\/wp-json\/wp\/v2\/media?parent=2460"}],"wp:term":[{"taxonomy":"product_brand","embeddable":true,"href":"https:\/\/aslotech-dz.com\/eshop\/wp-json\/wp\/v2\/product_brand?post=2460"},{"taxonomy":"product_cat","embeddable":true,"href":"https:\/\/aslotech-dz.com\/eshop\/wp-json\/wp\/v2\/product_cat?post=2460"},{"taxonomy":"product_tag","embeddable":true,"href":"https:\/\/aslotech-dz.com\/eshop\/wp-json\/wp\/v2\/product_tag?post=2460"}],"curies":[{"name":"wp","href":"https:\/\/api.w.org\/{rel}","templated":true}]}}