{"id":2498,"date":"2025-11-07T21:04:24","date_gmt":"2025-11-07T21:04:24","guid":{"rendered":"https:\/\/aslotech-dz.com\/eshop\/?post_type=product&#038;p=2498"},"modified":"2025-11-07T21:04:24","modified_gmt":"2025-11-07T21:04:24","slug":"boite-jonction-cax-0501-pro","status":"publish","type":"product","link":"https:\/\/aslotech-dz.com\/eshop\/produit\/boite-jonction-cax-0501-pro\/","title":{"rendered":"BOITE JONCTION CAX-0501 PRO"},"content":{"rendered":"<p data-start=\"150\" data-end=\"485\">La <strong data-start=\"153\" data-end=\"198\">bo\u00eete de jonction CAMAXESSOR CAX\u20110501 PRO<\/strong> est con\u00e7ue pour offrir une <strong data-start=\"226\" data-end=\"267\">solution s\u00e9curis\u00e9e et professionnelle<\/strong> pour le c\u00e2blage et la protection des syst\u00e8mes de vid\u00e9osurveillance. Elle permet de <strong data-start=\"351\" data-end=\"399\">cacher et organiser les c\u00e2bles et connexions<\/strong>, tout en offrant un support solide pour fixer les \u00e9quipements sur murs ou plafonds.<\/p>\n<p data-start=\"487\" data-end=\"818\">Fabriqu\u00e9e en <strong data-start=\"500\" data-end=\"521\">plastique robuste<\/strong>, cette bo\u00eete assure une <strong data-start=\"546\" data-end=\"567\">durabilit\u00e9 \u00e9lev\u00e9e<\/strong> et r\u00e9siste aux manipulations et aux conditions ext\u00e9rieures mod\u00e9r\u00e9es. Id\u00e9ale pour les installations <strong data-start=\"667\" data-end=\"697\">int\u00e9rieures et ext\u00e9rieures<\/strong>, elle facilite la gestion des c\u00e2bles et am\u00e9liore l\u2019esth\u00e9tique et la s\u00e9curit\u00e9 de votre installation de vid\u00e9osurveillance.<\/p>\n<p data-start=\"487\" data-end=\"818\">\n<table>\n<thead>\n<tr>\n<th><strong>Caract\u00e9ristique<\/strong><\/th>\n<th><strong>D\u00e9tail<\/strong><\/th>\n<\/tr>\n<\/thead>\n<tbody>\n<tr>\n<td>Marque<\/td>\n<td>CAMAXESSOR<\/td>\n<\/tr>\n<tr>\n<td>Mod\u00e8le<\/td>\n<td>CAX\u20110501 PRO<\/td>\n<\/tr>\n<tr>\n<td>Type<\/td>\n<td>Bo\u00eete de jonction \/ c\u00e2blage<\/td>\n<\/tr>\n<tr>\n<td>Mat\u00e9riau<\/td>\n<td>Plastique robuste<\/td>\n<\/tr>\n<tr>\n<td>Utilisation<\/td>\n<td>Protection et organisation des c\u00e2bles<\/td>\n<\/tr>\n<tr>\n<td>Avantages<\/td>\n<td>Montage propre, s\u00e9curis\u00e9e, durable<\/td>\n<\/tr>\n<tr>\n<td>Compatibilit\u00e9<\/td>\n<td>Syst\u00e8mes CCTV, cam\u00e9ras, DVR, installations \u00e9lectriques<\/td>\n<\/tr>\n<tr>\n<td>Installation<\/td>\n<td>Murale ou plafond<\/td>\n<\/tr>\n<\/tbody>\n<\/table>\n","protected":false},"excerpt":{"rendered":"<p>Bo\u00eete de jonction <strong data-start=\"1324\" data-end=\"1351\">CAMAXESSOR CAX\u20110501 PRO<\/strong>, pour cam\u00e9ras CCTV, organise et prot\u00e8ge les c\u00e2bles, fixation murale ou plafond.<\/p>\n","protected":false},"featured_media":2499,"comment_status":"open","ping_status":"closed","template":"","meta":[],"product_brand":[542],"product_cat":[543],"product_tag":[546],"class_list":{"0":"post-2498","1":"product","2":"type-product","3":"status-publish","4":"has-post-thumbnail","6":"product_brand-camaxessor","7":"product_cat-boite-de-jonction","8":"product_tag-camaxessor-cax0501pro-boitejonction-cctv-videosurveillance-installationpro-protectioncables-securite","10":"first","11":"instock","12":"shipping-taxable","13":"purchasable","14":"product-type-simple"},"_links":{"self":[{"href":"https:\/\/aslotech-dz.com\/eshop\/wp-json\/wp\/v2\/product\/2498","targetHints":{"allow":["GET"]}}],"collection":[{"href":"https:\/\/aslotech-dz.com\/eshop\/wp-json\/wp\/v2\/product"}],"about":[{"href":"https:\/\/aslotech-dz.com\/eshop\/wp-json\/wp\/v2\/types\/product"}],"replies":[{"embeddable":true,"href":"https:\/\/aslotech-dz.com\/eshop\/wp-json\/wp\/v2\/comments?post=2498"}],"version-history":[{"count":1,"href":"https:\/\/aslotech-dz.com\/eshop\/wp-json\/wp\/v2\/product\/2498\/revisions"}],"predecessor-version":[{"id":2500,"href":"https:\/\/aslotech-dz.com\/eshop\/wp-json\/wp\/v2\/product\/2498\/revisions\/2500"}],"wp:featuredmedia":[{"embeddable":true,"href":"https:\/\/aslotech-dz.com\/eshop\/wp-json\/wp\/v2\/media\/2499"}],"wp:attachment":[{"href":"https:\/\/aslotech-dz.com\/eshop\/wp-json\/wp\/v2\/media?parent=2498"}],"wp:term":[{"taxonomy":"product_brand","embeddable":true,"href":"https:\/\/aslotech-dz.com\/eshop\/wp-json\/wp\/v2\/product_brand?post=2498"},{"taxonomy":"product_cat","embeddable":true,"href":"https:\/\/aslotech-dz.com\/eshop\/wp-json\/wp\/v2\/product_cat?post=2498"},{"taxonomy":"product_tag","embeddable":true,"href":"https:\/\/aslotech-dz.com\/eshop\/wp-json\/wp\/v2\/product_tag?post=2498"}],"curies":[{"name":"wp","href":"https:\/\/api.w.org\/{rel}","templated":true}]}}