{"id":2671,"date":"2025-11-08T00:47:21","date_gmt":"2025-11-08T00:47:21","guid":{"rendered":"https:\/\/aslotech-dz.com\/eshop\/?post_type=product&#038;p=2671"},"modified":"2025-11-08T00:47:21","modified_gmt":"2025-11-08T00:47:21","slug":"camera-dahua-bullet-fixe-5mp-hdcvi-1500tp-a","status":"publish","type":"product","link":"https:\/\/aslotech-dz.com\/eshop\/produit\/camera-dahua-bullet-fixe-5mp-hdcvi-1500tp-a\/","title":{"rendered":"Camera DAHUA BULLET FIXE 5MP HDCVI 1500TP-A"},"content":{"rendered":"<p data-start=\"158\" data-end=\"613\">La Dahua HAC\u2011HFW1500TP\u2011A est une cam\u00e9ra de surveillance de type bullet, offrant une r\u00e9solution haute d\u00e9finition de <strong data-start=\"273\" data-end=\"289\">5\u202fm\u00e9gapixels<\/strong> via technologie HDCVI, id\u00e9ale pour la mise \u00e0 niveau de syst\u00e8mes analogiques existants. Elle dispose d\u2019un objectif <strong data-start=\"404\" data-end=\"422\">fixe de 2,8\u202fmm<\/strong> (ou 3,6\u202fmm selon version) fournissant un large champ de vision. Cette cam\u00e9ra est multi\u2011format (HDCVI \/ CVBS \/ AHD \/ TVI), ce qui permet de la connecter \u00e0 diff\u00e9rentes sortes de DVR existants.<\/p>\n<p data-start=\"615\" data-end=\"1163\">Elle int\u00e8gre un micro\u2011phone pour la capture audio, ce qui ajoute une dimension suppl\u00e9mentaire aux images vid\u00e9o. Dot\u00e9e d\u2019un \u00e9clairage infrarouge \u00ab\u202fSmart\u202fIR\u202f\u00bb avec port\u00e9e jusqu\u2019\u00e0 <strong data-start=\"792\" data-end=\"808\">environ 30\u202fm<\/strong>, elle permet la surveillance de nuit tout en gardant un rendu clair. Le bo\u00eetier est certifi\u00e9 <strong data-start=\"902\" data-end=\"910\">IP67<\/strong>, garantissant sa r\u00e9sistance aux intemp\u00e9ries, et convient parfaitement pour une installation ext\u00e9rieure. Enfin, cette cam\u00e9ra fonctionne sous alimentation 12\u202fV\u202fDC et peut fonctionner dans une large plage de temp\u00e9ratures (jusqu\u2019\u00e0 environ \u201340\u202f\u00b0C \u00e0 +60\u202f\u00b0C).<\/p>\n<p data-start=\"615\" data-end=\"1163\">\n<table>\n<thead>\n<tr>\n<th>Caract\u00e9ristique<\/th>\n<th>D\u00e9tail<\/th>\n<\/tr>\n<\/thead>\n<tbody>\n<tr>\n<td>Marque<\/td>\n<td>Dahua<\/td>\n<\/tr>\n<tr>\n<td>Mod\u00e8le<\/td>\n<td>HAC\u2011HFW1500TP\u2011A<\/td>\n<\/tr>\n<tr>\n<td>R\u00e9solution<\/td>\n<td>5\u202fMP<\/td>\n<\/tr>\n<tr>\n<td>Objectif fixe<\/td>\n<td>2,8\u202fmm (option 3,6\u202fmm selon version)<\/td>\n<\/tr>\n<tr>\n<td>Microphone int\u00e9gr\u00e9<\/td>\n<td>Oui<\/td>\n<\/tr>\n<tr>\n<td>Vision nocturne<\/td>\n<td>IR Smart jusqu\u2019\u00e0 ~30\u202fm<\/td>\n<\/tr>\n<tr>\n<td>Formats vid\u00e9o support\u00e9s<\/td>\n<td>HDCVI \/ CVBS \/ AHD \/ TVI<\/td>\n<\/tr>\n<tr>\n<td>Alimentation<\/td>\n<td>12\u202fV\u202fDC<\/td>\n<\/tr>\n<tr>\n<td>Protection \/ Bo\u00eetier<\/td>\n<td>IP67 (ext\u00e9rieur)<\/td>\n<\/tr>\n<tr>\n<td>Installation recommand\u00e9e<\/td>\n<td>Ext\u00e9rieur\/int\u00e9rieur prot\u00e9g\u00e9<\/td>\n<\/tr>\n<\/tbody>\n<\/table>\n","protected":false},"excerpt":{"rendered":"<p>Cam\u00e9ra bullet Dahua 5\u202fMP HDCVI fixer 2.8\u202fmm, micro int\u00e9gr\u00e9, vision nuit ~30\u202fm, multi\u2011format, bo\u00eetier IP67.<\/p>\n","protected":false},"featured_media":2622,"comment_status":"open","ping_status":"closed","template":"","meta":[],"product_brand":[90],"product_cat":[88,87],"product_tag":[607],"class_list":{"0":"post-2671","1":"product","2":"type-product","3":"status-publish","4":"has-post-thumbnail","6":"product_brand-dahua","7":"product_cat-cameras","8":"product_cat-videosurveillance","9":"product_tag-dahua-5mp-hdcvi-bulletcamera-2_8mm-audio-ip67-surveillanceexterieure-upgradehd","11":"first","12":"instock","13":"shipping-taxable","14":"purchasable","15":"product-type-simple"},"_links":{"self":[{"href":"https:\/\/aslotech-dz.com\/eshop\/wp-json\/wp\/v2\/product\/2671","targetHints":{"allow":["GET"]}}],"collection":[{"href":"https:\/\/aslotech-dz.com\/eshop\/wp-json\/wp\/v2\/product"}],"about":[{"href":"https:\/\/aslotech-dz.com\/eshop\/wp-json\/wp\/v2\/types\/product"}],"replies":[{"embeddable":true,"href":"https:\/\/aslotech-dz.com\/eshop\/wp-json\/wp\/v2\/comments?post=2671"}],"version-history":[{"count":2,"href":"https:\/\/aslotech-dz.com\/eshop\/wp-json\/wp\/v2\/product\/2671\/revisions"}],"predecessor-version":[{"id":2673,"href":"https:\/\/aslotech-dz.com\/eshop\/wp-json\/wp\/v2\/product\/2671\/revisions\/2673"}],"wp:featuredmedia":[{"embeddable":true,"href":"https:\/\/aslotech-dz.com\/eshop\/wp-json\/wp\/v2\/media\/2622"}],"wp:attachment":[{"href":"https:\/\/aslotech-dz.com\/eshop\/wp-json\/wp\/v2\/media?parent=2671"}],"wp:term":[{"taxonomy":"product_brand","embeddable":true,"href":"https:\/\/aslotech-dz.com\/eshop\/wp-json\/wp\/v2\/product_brand?post=2671"},{"taxonomy":"product_cat","embeddable":true,"href":"https:\/\/aslotech-dz.com\/eshop\/wp-json\/wp\/v2\/product_cat?post=2671"},{"taxonomy":"product_tag","embeddable":true,"href":"https:\/\/aslotech-dz.com\/eshop\/wp-json\/wp\/v2\/product_tag?post=2671"}],"curies":[{"name":"wp","href":"https:\/\/api.w.org\/{rel}","templated":true}]}}